en 7755 is divided by 87?
12
Calculate the remainder when 76565 is divided by 18.
11
What is the remainder when 1855 is divided by 442?
87
Calculate the remainder when 18877 is divided by 114.
67
What is the remainder when 421933 is divided by 8?
5
Calculate the remainder when 4063 is divided by 312.
7
Calculate the remainder when 26294 is divided by 1252.
2
What is the remainder when 523 is divided by 510?
13
Calculate the remainder when 236004 is divided by 169.
80
What is the remainder when 31264 is divided by 3?
1
Calculate the remainder when 405405 is divided by 328.
325
Calculate the remainder when 47480 is divided by 9496.
0
What is the remainder when 1860 is divided by 98?
96
What is the remainder when 136786 is divided by 45?
31
Calculate the remainder when 718 is divided by 535.
183
Calculate the remainder when 25750 is divided by 24.
22
Calculate the remainder when 25979 is divided by 3232.
123
What is the remainder when 280309 is divided by 45?
4
What is the remainder when 9944 is divided by 1237?
48
Calculate the remainder when 16587 is divided by 33.
21
What is the remainder when 3127 is divided by 19?
11
Calculate the remainder when 20513 is divided by 10198.
117
Calculate the remainder when 2127 is divided by 230.
57
Calculate the remainder when 198317 is divided by 40.
37
Calculate the remainder when 5983 is divided by 2743.
497
What is the remainder when 636 is divided by 327?
309
Calculate the remainder when 105040 is divided by 35007.
19
Calculate the remainder when 11522 is divided by 437.
160
Calculate the remainder when 127827 is divided by 44.
7
What is the remainder when 5690 is divided by 1?
0
What is the remainder when 183627 is divided by 159?
141
What is the remainder when 942394 is divided by 1092?
1090
What is the remainder when 63042 is divided by 58?
54
What is the remainder when 1291 is divided by 424?
19
Calculate the remainder when 182312 is divided by 561.
548
Calculate the remainder when 90503 is divided by 26.
23
What is the remainder when 1457 is divided by 223?
119
What is the remainder when 109055 is divided by 31?
28
Calculate the remainder when 61808 is divided by 68.
64
What is the remainder when 10615 is divided by 1326?
7
What is the remainder when 19776 is divided by 209?
130
What is the remainder when 18152 is divided by 1395?
17
What is the remainder when 442615 is divided by 122?
121
Calculate the remainder when 12719 is divided by 126.
119
What is the remainder when 310824 is divided by 28?
24
Calculate the remainder when 399541 is divided by 441.
436
What is the remainder when 4514 is divided by 133?
125
What is the remainder when 1277436 is divided by 12?
0
What is the remainder when 1843 is divided by 275?
193
Calculate the remainder when 281412 is divided by 122.
80
Calculate the remainder when 36989 is divided by 1938.
167
Calculate the remainder when 40299 is divided by 301.
266
What is the remainder when 1870327 is divided by 347?
344
Calculate the remainder when 3401 is divided by 279.
53
Calculate the remainder when 296 is divided by 81.
53
What is the remainder when 1840 is divided by 24?
16
What is the remainder when 26601 is divided by 335?
136
What is the remainder when 85429 is divided by 4?
1
Calculate the remainder when 5416 is divided by 9.
7
What is the remainder when 8034 is divided by 47?
44
What is the remainder when 61802 is divided by 97?
13
Calculate the remainder when 25803 is divided by 300.
3
Calculate the remainder when 299 is divided by 168.
131
Calculate the remainder when 8233 is divided by 58.
55
Calculate the remainder when 3370 is divided by 480.
10
Calculate the remainder when 12360 is divided by 3923.
591
What is the remainder when 1813 is divided by 21?
7
Calculate the remainder when 1881 is divided by 21.
12
Calculate the remainder when 5449 is divided by 210.
199
What is the remainder when 987 is divided by 12?
3
What is the remainder when 18712 is divided by 6233?
13
Calculate the remainder when 438411 is divided by 446.
439
What is the remainder when 1084 is divided by 451?
182
What is the remainder when 7495 is divided by 416?
7
What is the remainder when 83253 is divided by 261?
255
What is the remainder when 2242 is divided by 569?
535
What is the remainder when 9301 is divided by 1032?
13
Calculate the remainder when 4787 is divided by 2386.
15
Calculate the remainder when 71308 is divided by 106.
76
Calculate the remainder when 9084 is divided by 877.
314
Calculate the remainder when 10479 is divided by 86.
73
Calculate the remainder when 17166 is divided by 399.
9
What is the remainder when 8436 is divided by 41?
31
Calculate the remainder when 87368 is divided by 1305.
1238
Calculate the remainder when 288738 is divided by 58.
14
What is the remainder when 1401244 is divided by 198?
196
What is the remainder when 15807 is divided by 26?
25
What is the remainder when 474 is divided by 174?
126
What is the remainder when 90717 is divided by 2018?
1925
Calculate the remainder when 1037 is divided by 308.
113
What is the remainder when 1519843 is divided by 10?
3
Calculate the remainder when 73800 is divided by 24590.
30
What is the remainder when 29527 is divided by 7327?
219
What is the remainder when 8332 is divided by 921?
43
Calculate the remainder when 117971 is divided by 700.
371
Calculate the remainder when 13417088 is divided by 47.
45
What is the remainder when 102824 is divided by 265?
4
Calculate the remainder when 27812 is divided by 456.
452
Calculate the remainder when 53733 is divided by 4.
1
Calculate the remainder when 225491 is divided by 18.
5
Calculate the remainder when 95551 is divided by 543.
526
What is the remainder when 4249 is divided by 440?
289
What is the remainder when 1418 is divided by 255?
143
Calculate the remainder when 4522 is divided by 34.
0
What is the remainder when 165783 is divided by 23?
22
Calculate the remainder when 2992 is divided by 52.
28
What is the remainder when 15257 is divided by 30?
17
What is the remainder when 722 is divided by 18?
2
Calculate the remainder when 3520 is divided by 42.
34
Calculate the remainder when 9642 is divided by 4802.
38
What is the remainder when 10977 is divided by 5484?
9
What is the remainder when 1107 is divided by 151?
50
What is the remainder when 150763 is divided by 69?
67
Calculate the remainder when 979173 is divided by 54.
45
Calculate the remainder when 3079 is divided by 273.
76
Calculate the remainder when 698713 is divided by 349352.
9
Calculate the remainder when 60849 is divided by 2527.
201
What is the remainder when 5822 is divided by 5769?
53
What is the remainder when 196771 is divided by 85?
81
Calculate the remainder when 110651 is divided by 11064.
11
What is the remainder when 236 is divided by 109?
18
What is the remainder when 279 is divided by 140?
139
Calculate the remainder when 27365 is divided by 380.
5
What is the remainder when 46803 is divided by 63?
57
Calculate the remainder when 6639 is divided by 1061.
273
Calculate the remainder when 46970 is divided by 153.
152
Calculate the remainder when 1648 is divided by 38.
14
What is the remainder when 18268 is divided by 88?
52
What is the remainder when 7266 is divided by 2398?
72
What is the remainder when 9684 is divided by 2406?
60
What is the remainder when 45937 is divided by 9187?
2
What is the remainder when 32143 is divided by 82?
81
What is the remainder when 8347 is divided by 2775?
22
Calculate the remainder when 36181 is divided by 157.
71
What is the remainder when 1114056 is divided by 71?
66
Calculate the remainder when 485959 is divided by 814.
1
What is the remainder when 16098 is divided by 264?
258
Calculate the remainder when 9705 is divided by 4848.
9
Calculate the remainder when 30353 is divided by 43.
38
Calculate the remainder when 108141 is divided by 20.
1
What is the remainder when 3381 is divided by 1517?
347
What is the remainder when 9772 is divided by 125?
22
What is the remainder when 12948 is divided by 16?
4
Calculate the remainder when 1386 is divided by 279.
270
What is the remainder when 39947 is divided by 29?
14
Calculate the remainder when 1589 is divided by 214.
91
What is the remainder when 12415 is divided by 84?
67
Calculate the remainde